{"id":99,"date":"2023-05-29T21:14:35","date_gmt":"2023-05-29T19:14:35","guid":{"rendered":"http:\/\/www.location-gite-salle-reception-ariege.com\/cj192558-ovh\/?page_id=99"},"modified":"2023-06-23T13:45:49","modified_gmt":"2023-06-23T11:45:49","slug":"lequipe-et-ses-agents","status":"publish","type":"page","link":"https:\/\/www.location-gite-salle-reception-ariege.com\/cj192558-ovh\/index.php\/lequipe-et-ses-agents\/","title":{"rendered":"L&rsquo;\u00e9quipe et ses agents"},"content":{"rendered":"<div class=\"wp-block-image\">\n<figure class=\"aligncenter size-large\"><img loading=\"lazy\" decoding=\"async\" width=\"1024\" height=\"768\" src=\"http:\/\/www.location-gite-salle-reception-ariege.com\/cj192558-ovh\/wp-content\/uploads\/2023\/06\/equipe-1024x768.jpg\" alt=\"\" class=\"wp-image-184\" srcset=\"https:\/\/www.location-gite-salle-reception-ariege.com\/cj192558-ovh\/wp-content\/uploads\/2023\/06\/equipe-1024x768.jpg 1024w, https:\/\/www.location-gite-salle-reception-ariege.com\/cj192558-ovh\/wp-content\/uploads\/2023\/06\/equipe-300x225.jpg 300w, https:\/\/www.location-gite-salle-reception-ariege.com\/cj192558-ovh\/wp-content\/uploads\/2023\/06\/equipe-768x576.jpg 768w, https:\/\/www.location-gite-salle-reception-ariege.com\/cj192558-ovh\/wp-content\/uploads\/2023\/06\/equipe-1536x1152.jpg 1536w, https:\/\/www.location-gite-salle-reception-ariege.com\/cj192558-ovh\/wp-content\/uploads\/2023\/06\/equipe-2048x1536.jpg 2048w\" sizes=\"(max-width: 1024px) 100vw, 1024px\" \/><\/figure><\/div>\n\n\n<p><strong><em><u>LE VIE MUNICIPALE<\/u><\/em><\/strong><\/p>\n\n\n\n<p><strong>&nbsp; <u>Fonctionnement<\/u><\/strong>&nbsp;: Le Maire, les Adjoints et les Conseillers Municipaux re\u00e7oivent sur rendez-vous.<\/p>\n\n\n\n<p><strong><u>D\u00e9l\u00e9gation de Fonction <\/u><\/strong><em>sous responsabilit\u00e9 et surveillance du maire&nbsp;<\/em><strong>:<\/strong><\/p>\n\n\n\n<p>&nbsp;&nbsp;&nbsp;&nbsp;&nbsp;&nbsp;&nbsp;&nbsp; <em>Monsieur Enriqu\u00e9 OVIEDO&nbsp;:<\/em><\/p>\n\n\n\n<ul class=\"wp-block-list\">\n<li>URBANISME, ENVIRONNEMENT, AMENAGEMENT URBAIN, ESPACE PUBLIC, VOIRIE, TRAVAUX ET SECURITE, DOMAINE PUBLIC&nbsp;;<\/li>\n\n\n\n<li>RESOURCES HUMAINES ET ADMINISTRATION&nbsp;;<\/li>\n\n\n\n<li>COMMUNICATION, SITE INTERNET&nbsp;;<\/li>\n\n\n\n<li>PRESERVATION ET EVOLUTION DU PATRIMOINE IMMOBILIER&nbsp;;<\/li>\n\n\n\n<li>SAUVEGARDE DE LA POPULATION ET AMENAGEMENT DU TERRITOIRE.<\/li>\n<\/ul>\n\n\n\n<p><em>Madame Marion AMILHAT&nbsp;:<\/em><\/p>\n\n\n\n<ul class=\"wp-block-list\">\n<li>FINANCES, BUDGET, ASSURANCE&nbsp;;<\/li>\n\n\n\n<li>AFFAIRES SOCIALES et de SOLIDARITE&nbsp;;<\/li>\n\n\n\n<li>CULTURE, SPORTS, VIE ASSOCIATIVE&nbsp;<\/li>\n\n\n\n<li>AGRICULTURE, COMMERCE, ARTISANAT.<\/li>\n<\/ul>\n\n\n\n<p><strong><u>Les Repr\u00e9sentants de la commune:<\/u><\/strong><\/p>\n\n\n\n<figure class=\"wp-block-table\"><table><tbody><tr><td><strong>Administration \/ Commission<\/strong><\/td><td><strong>Titulaire<\/strong><\/td><td><strong>Suppl\u00e9ant<\/strong><\/td><\/tr><tr><td>CCCP<\/td><td>Sylvie DOMENC<\/td><td>Enriqu\u00e9 OVIEDO<\/td><\/tr><tr><td>AFP \/ Associations<\/td><td>Marion AMILHAT<\/td><td>S\u00e9bastien NOUGUE \/<\/td><\/tr><tr><td>SDE09<\/td><td>Danielle VIATGE<\/td><td>S\u00e9bastien NOUGUE<\/td><\/tr><tr><td>PNR<\/td><td>Suzette AMILHAT<\/td><td>Marion AMILHAT<\/td><\/tr><tr><td>Service des Eaux<\/td><td>Alexandre DUCOURNEAU<\/td><td>Enriqu\u00e9 OVIEDO<\/td><\/tr><tr><td>CDG09 \/SSST<\/td><td>S\u00e9bastien NOUGUE<\/td><td>Sylvie DOMENC<\/td><\/tr><tr><td>SIVE DE CASTILLON<\/td><td>Marion AMILHAT<\/td><td>Suzette AMILHAT<\/td><\/tr><tr><td>Location G\u00eete rural et Salle \u00ab&nbsp;Andr\u00e9 ZONCH&nbsp;\u00bb<\/td><td>Danielle VIATGE<\/td><td>Suzette AMILHAT<\/td><\/tr><tr><td>Commission de contr\u00f4le Liste \u00e9lectorale<\/td><td>Alexandre DUCOURNEAU<\/td><td>&nbsp;<\/td><\/tr><\/tbody><\/table><\/figure>\n","protected":false},"excerpt":{"rendered":"<p>LE VIE MUNICIPALE &nbsp; Fonctionnement&nbsp;: Le Maire, les Adjoints et les Conseillers Municipaux re\u00e7oivent sur rendez-vous. D\u00e9l\u00e9gation de Fonction sous responsabilit\u00e9 et surveillance du maire&nbsp;: &nbsp;&nbsp;&nbsp;&nbsp;&nbsp;&nbsp;&nbsp;&nbsp; Monsieur Enriqu\u00e9 OVIEDO&nbsp;: Madame Marion AMILHAT&nbsp;: Les Repr\u00e9sentants de la commune: Administration \/ Commission Titulaire Suppl\u00e9ant CCCP Sylvie DOMENC Enriqu\u00e9 OVIEDO AFP \/ Associations Marion AMILHAT S\u00e9bastien NOUGUE \/ [&hellip;]<\/p>\n","protected":false},"author":1,"featured_media":0,"parent":0,"menu_order":0,"comment_status":"closed","ping_status":"closed","template":"","meta":{"footnotes":""},"class_list":["post-99","page","type-page","status-publish","hentry"],"_links":{"self":[{"href":"https:\/\/www.location-gite-salle-reception-ariege.com\/cj192558-ovh\/index.php\/wp-json\/wp\/v2\/pages\/99"}],"collection":[{"href":"https:\/\/www.location-gite-salle-reception-ariege.com\/cj192558-ovh\/index.php\/wp-json\/wp\/v2\/pages"}],"about":[{"href":"https:\/\/www.location-gite-salle-reception-ariege.com\/cj192558-ovh\/index.php\/wp-json\/wp\/v2\/types\/page"}],"author":[{"embeddable":true,"href":"https:\/\/www.location-gite-salle-reception-ariege.com\/cj192558-ovh\/index.php\/wp-json\/wp\/v2\/users\/1"}],"replies":[{"embeddable":true,"href":"https:\/\/www.location-gite-salle-reception-ariege.com\/cj192558-ovh\/index.php\/wp-json\/wp\/v2\/comments?post=99"}],"version-history":[{"count":3,"href":"https:\/\/www.location-gite-salle-reception-ariege.com\/cj192558-ovh\/index.php\/wp-json\/wp\/v2\/pages\/99\/revisions"}],"predecessor-version":[{"id":186,"href":"https:\/\/www.location-gite-salle-reception-ariege.com\/cj192558-ovh\/index.php\/wp-json\/wp\/v2\/pages\/99\/revisions\/186"}],"wp:attachment":[{"href":"https:\/\/www.location-gite-salle-reception-ariege.com\/cj192558-ovh\/index.php\/wp-json\/wp\/v2\/media?parent=99"}],"curies":[{"name":"wp","href":"https:\/\/api.w.org\/{rel}","templated":true}]}}

L&rsquo;équipe et ses agents

<div class="wp-block-image">
<figure class="aligncenter size-large"><img loading="lazy" decoding="async" width="1024" height="768" src="http://www.location-gite-salle-reception-ariege.com/cj192558-ovh/wp-content/uploads/2023/06/equipe-1024x768.jpg" alt="" class="wp-image-184" srcset="https://www.location-gite-salle-reception-ariege.com/cj192558-ovh/wp-content/uploads/2023/06/equipe-1024x768.jpg 1024w, https://www.location-gite-salle-reception-ariege.com/cj192558-ovh/wp-content/uploads/2023/06/equipe-300x225.jpg 300w, https://www.location-gite-salle-reception-ariege.com/cj192558-ovh/wp-content/uploads/2023/06/equipe-768x576.jpg 768w, https://www.location-gite-salle-reception-ariege.com/cj192558-ovh/wp-content/uploads/2023/06/equipe-1536x1152.jpg 1536w, https://www.location-gite-salle-reception-ariege.com/cj192558-ovh/wp-content/uploads/2023/06/equipe-2048x1536.jpg 2048w" sizes="(max-width: 1024px) 100vw, 1024px" /></figure></div>


<p><strong><em><u>LE VIE MUNICIPALE</u></em></strong></p>



<p><strong>&nbsp; <u>Fonctionnement</u></strong>&nbsp;: Le Maire, les Adjoints et les Conseillers Municipaux reçoivent sur rendez-vous.</p>



<p><strong><u>Délégation de Fonction </u></strong><em>sous responsabilité et surveillance du maire&nbsp;</em><strong>:</strong></p>



<p>&nbsp;&nbsp;&nbsp;&nbsp;&nbsp;&nbsp;&nbsp;&nbsp; <em>Monsieur Enriqué OVIEDO&nbsp;:</em></p>



<ul class="wp-block-list">
<li>URBANISME, ENVIRONNEMENT, AMENAGEMENT URBAIN, ESPACE PUBLIC, VOIRIE, TRAVAUX ET SECURITE, DOMAINE PUBLIC&nbsp;;</li>



<li>RESOURCES HUMAINES ET ADMINISTRATION&nbsp;;</li>



<li>COMMUNICATION, SITE INTERNET&nbsp;;</li>



<li>PRESERVATION ET EVOLUTION DU PATRIMOINE IMMOBILIER&nbsp;;</li>



<li>SAUVEGARDE DE LA POPULATION ET AMENAGEMENT DU TERRITOIRE.</li>
</ul>



<p><em>Madame Marion AMILHAT&nbsp;:</em></p>



<ul class="wp-block-list">
<li>FINANCES, BUDGET, ASSURANCE&nbsp;;</li>



<li>AFFAIRES SOCIALES et de SOLIDARITE&nbsp;;</li>



<li>CULTURE, SPORTS, VIE ASSOCIATIVE&nbsp;</li>



<li>AGRICULTURE, COMMERCE, ARTISANAT.</li>
</ul>



<p><strong><u>Les Représentants de la commune:</u></strong></p>



<figure class="wp-block-table"><table><tbody><tr><td><strong>Administration / Commission</strong></td><td><strong>Titulaire</strong></td><td><strong>Suppléant</strong></td></tr><tr><td>CCCP</td><td>Sylvie DOMENC</td><td>Enriqué OVIEDO</td></tr><tr><td>AFP / Associations</td><td>Marion AMILHAT</td><td>Sébastien NOUGUE /</td></tr><tr><td>SDE09</td><td>Danielle VIATGE</td><td>Sébastien NOUGUE</td></tr><tr><td>PNR</td><td>Suzette AMILHAT</td><td>Marion AMILHAT</td></tr><tr><td>Service des Eaux</td><td>Alexandre DUCOURNEAU</td><td>Enriqué OVIEDO</td></tr><tr><td>CDG09 /SSST</td><td>Sébastien NOUGUE</td><td>Sylvie DOMENC</td></tr><tr><td>SIVE DE CASTILLON</td><td>Marion AMILHAT</td><td>Suzette AMILHAT</td></tr><tr><td>Location Gîte rural et Salle «&nbsp;André ZONCH&nbsp;»</td><td>Danielle VIATGE</td><td>Suzette AMILHAT</td></tr><tr><td>Commission de contrôle Liste électorale</td><td>Alexandre DUCOURNEAU</td><td>&nbsp;</td></tr></tbody></table></figure>

<p>LE VIE MUNICIPALE &nbsp; Fonctionnement&nbsp;: Le Maire, les Adjoints et les Conseillers Municipaux reçoivent sur rendez-vous. Délégation de Fonction sous responsabilité et surveillance du maire&nbsp;: &nbsp;&nbsp;&nbsp;&nbsp;&nbsp;&nbsp;&nbsp;&nbsp; Monsieur Enriqué OVIEDO&nbsp;: Madame Marion AMILHAT&nbsp;: Les Représentants de la commune: Administration / Commission Titulaire Suppléant CCCP Sylvie DOMENC Enriqué OVIEDO AFP / Associations Marion AMILHAT Sébastien NOUGUE / [&hellip;]</p>
