{"id":553,"date":"2023-07-07T16:13:18","date_gmt":"2023-07-07T14:13:18","guid":{"rendered":"https:\/\/www.location-gite-salle-reception-ariege.com\/cj192558-ovh\/?page_id=553"},"modified":"2023-12-08T14:41:05","modified_gmt":"2023-12-08T13:41:05","slug":"actualites","status":"publish","type":"page","link":"https:\/\/www.location-gite-salle-reception-ariege.com\/cj192558-ovh\/index.php\/actualites\/","title":{"rendered":"Actualit\u00e9s"},"content":{"rendered":"\n<figure class=\"wp-block-image size-large\"><img loading=\"lazy\" decoding=\"async\" width=\"722\" height=\"1024\" src=\"https:\/\/www.location-gite-salle-reception-ariege.com\/cj192558-ovh\/wp-content\/uploads\/2023\/12\/affiche-public-722x1024.jpg\" alt=\"\" class=\"wp-image-607\" srcset=\"https:\/\/www.location-gite-salle-reception-ariege.com\/cj192558-ovh\/wp-content\/uploads\/2023\/12\/affiche-public-722x1024.jpg 722w, https:\/\/www.location-gite-salle-reception-ariege.com\/cj192558-ovh\/wp-content\/uploads\/2023\/12\/affiche-public-211x300.jpg 211w, https:\/\/www.location-gite-salle-reception-ariege.com\/cj192558-ovh\/wp-content\/uploads\/2023\/12\/affiche-public-768x1090.jpg 768w, https:\/\/www.location-gite-salle-reception-ariege.com\/cj192558-ovh\/wp-content\/uploads\/2023\/12\/affiche-public-1083x1536.jpg 1083w, https:\/\/www.location-gite-salle-reception-ariege.com\/cj192558-ovh\/wp-content\/uploads\/2023\/12\/affiche-public-1444x2048.jpg 1444w, https:\/\/www.location-gite-salle-reception-ariege.com\/cj192558-ovh\/wp-content\/uploads\/2023\/12\/affiche-public.jpg 1748w\" sizes=\"(max-width: 722px) 100vw, 722px\" \/><figcaption class=\"wp-element-caption\">Op\u00e9ration Bons d&rsquo;achats No\u00ebl 2023<\/figcaption><\/figure>\n\n\n\n<figure class=\"wp-block-image size-large\"><img loading=\"lazy\" decoding=\"async\" width=\"724\" height=\"1024\" src=\"https:\/\/www.location-gite-salle-reception-ariege.com\/cj192558-ovh\/wp-content\/uploads\/2023\/09\/affiche_JEP_2023-1-1-724x1024.jpg\" alt=\"\" class=\"wp-image-598\" srcset=\"https:\/\/www.location-gite-salle-reception-ariege.com\/cj192558-ovh\/wp-content\/uploads\/2023\/09\/affiche_JEP_2023-1-1-724x1024.jpg 724w, https:\/\/www.location-gite-salle-reception-ariege.com\/cj192558-ovh\/wp-content\/uploads\/2023\/09\/affiche_JEP_2023-1-1-212x300.jpg 212w, https:\/\/www.location-gite-salle-reception-ariege.com\/cj192558-ovh\/wp-content\/uploads\/2023\/09\/affiche_JEP_2023-1-1-768x1086.jpg 768w, https:\/\/www.location-gite-salle-reception-ariege.com\/cj192558-ovh\/wp-content\/uploads\/2023\/09\/affiche_JEP_2023-1-1-1086x1536.jpg 1086w, https:\/\/www.location-gite-salle-reception-ariege.com\/cj192558-ovh\/wp-content\/uploads\/2023\/09\/affiche_JEP_2023-1-1-1448x2048.jpg 1448w, https:\/\/www.location-gite-salle-reception-ariege.com\/cj192558-ovh\/wp-content\/uploads\/2023\/09\/affiche_JEP_2023-1-1.jpg 1654w\" sizes=\"(max-width: 724px) 100vw, 724px\" \/><\/figure>\n\n\n\n<figure class=\"wp-block-image size-large\"><img loading=\"lazy\" decoding=\"async\" width=\"724\" height=\"1024\" src=\"https:\/\/www.location-gite-salle-reception-ariege.com\/cj192558-ovh\/wp-content\/uploads\/2023\/07\/1Soirees-musicales-et-gourmandes-2023-724x1024.jpg\" alt=\"\" class=\"wp-image-568\" srcset=\"https:\/\/www.location-gite-salle-reception-ariege.com\/cj192558-ovh\/wp-content\/uploads\/2023\/07\/1Soirees-musicales-et-gourmandes-2023-724x1024.jpg 724w, https:\/\/www.location-gite-salle-reception-ariege.com\/cj192558-ovh\/wp-content\/uploads\/2023\/07\/1Soirees-musicales-et-gourmandes-2023-212x300.jpg 212w, https:\/\/www.location-gite-salle-reception-ariege.com\/cj192558-ovh\/wp-content\/uploads\/2023\/07\/1Soirees-musicales-et-gourmandes-2023-768x1086.jpg 768w, https:\/\/www.location-gite-salle-reception-ariege.com\/cj192558-ovh\/wp-content\/uploads\/2023\/07\/1Soirees-musicales-et-gourmandes-2023-1086x1536.jpg 1086w, https:\/\/www.location-gite-salle-reception-ariege.com\/cj192558-ovh\/wp-content\/uploads\/2023\/07\/1Soirees-musicales-et-gourmandes-2023-1448x2048.jpg 1448w, https:\/\/www.location-gite-salle-reception-ariege.com\/cj192558-ovh\/wp-content\/uploads\/2023\/07\/1Soirees-musicales-et-gourmandes-2023.jpg 1654w\" sizes=\"(max-width: 724px) 100vw, 724px\" \/><\/figure>\n\n\n\n<h2 class=\"wp-block-heading\">Les soir\u00e9es \u00ab\u00a0En Terre d&rsquo;Abajous\u00a0\u00bb<\/h2>\n\n\n\n<figure class=\"wp-block-image size-large\"><img loading=\"lazy\" decoding=\"async\" width=\"724\" height=\"1024\" src=\"https:\/\/www.location-gite-salle-reception-ariege.com\/cj192558-ovh\/wp-content\/uploads\/2023\/07\/journee-citoyenne-2023-724x1024.jpg\" alt=\"\" class=\"wp-image-571\" srcset=\"https:\/\/www.location-gite-salle-reception-ariege.com\/cj192558-ovh\/wp-content\/uploads\/2023\/07\/journee-citoyenne-2023-724x1024.jpg 724w, https:\/\/www.location-gite-salle-reception-ariege.com\/cj192558-ovh\/wp-content\/uploads\/2023\/07\/journee-citoyenne-2023-212x300.jpg 212w, https:\/\/www.location-gite-salle-reception-ariege.com\/cj192558-ovh\/wp-content\/uploads\/2023\/07\/journee-citoyenne-2023-768x1086.jpg 768w, https:\/\/www.location-gite-salle-reception-ariege.com\/cj192558-ovh\/wp-content\/uploads\/2023\/07\/journee-citoyenne-2023-1086x1536.jpg 1086w, https:\/\/www.location-gite-salle-reception-ariege.com\/cj192558-ovh\/wp-content\/uploads\/2023\/07\/journee-citoyenne-2023-1448x2048.jpg 1448w, https:\/\/www.location-gite-salle-reception-ariege.com\/cj192558-ovh\/wp-content\/uploads\/2023\/07\/journee-citoyenne-2023.jpg 1654w\" sizes=\"(max-width: 724px) 100vw, 724px\" \/><\/figure>\n\n\n\n<h2 class=\"wp-block-heading\">Journ\u00e9e citoyenne Samedi 20 juillet 2023<\/h2>\n\n\n\n<p>F\u00eate locale 2023<\/p>\n\n\n\n<figure class=\"wp-block-image size-large\"><img loading=\"lazy\" decoding=\"async\" width=\"746\" height=\"1024\" src=\"https:\/\/www.location-gite-salle-reception-ariege.com\/cj192558-ovh\/wp-content\/uploads\/2023\/08\/FB_IMG_1691577364768-746x1024.jpg\" alt=\"\" class=\"wp-image-584\" srcset=\"https:\/\/www.location-gite-salle-reception-ariege.com\/cj192558-ovh\/wp-content\/uploads\/2023\/08\/FB_IMG_1691577364768-746x1024.jpg 746w, https:\/\/www.location-gite-salle-reception-ariege.com\/cj192558-ovh\/wp-content\/uploads\/2023\/08\/FB_IMG_1691577364768-218x300.jpg 218w, https:\/\/www.location-gite-salle-reception-ariege.com\/cj192558-ovh\/wp-content\/uploads\/2023\/08\/FB_IMG_1691577364768-768x1055.jpg 768w, https:\/\/www.location-gite-salle-reception-ariege.com\/cj192558-ovh\/wp-content\/uploads\/2023\/08\/FB_IMG_1691577364768.jpg 1080w\" sizes=\"(max-width: 746px) 100vw, 746px\" \/><\/figure>\n\n\n\n<h2 class=\"wp-block-heading\">Journ\u00e9e du Patrimoine 2023<\/h2>\n\n\n\n<figure class=\"wp-block-image size-full\"><img loading=\"lazy\" decoding=\"async\" width=\"563\" height=\"796\" src=\"https:\/\/www.location-gite-salle-reception-ariege.com\/cj192558-ovh\/wp-content\/uploads\/2023\/09\/affiche_JEP_2023-1.jpg\" alt=\"\" class=\"wp-image-594\" srcset=\"https:\/\/www.location-gite-salle-reception-ariege.com\/cj192558-ovh\/wp-content\/uploads\/2023\/09\/affiche_JEP_2023-1.jpg 563w, https:\/\/www.location-gite-salle-reception-ariege.com\/cj192558-ovh\/wp-content\/uploads\/2023\/09\/affiche_JEP_2023-1-212x300.jpg 212w\" sizes=\"(max-width: 563px) 100vw, 563px\" \/><\/figure>\n\n\n\n<h2 class=\"wp-block-heading\">Op\u00e9ration Bons d&rsquo;achat de No\u00ebl 2023<\/h2>\n","protected":false},"excerpt":{"rendered":"<p>Les soir\u00e9es \u00ab\u00a0En Terre d&rsquo;Abajous\u00a0\u00bb Journ\u00e9e citoyenne Samedi 20 juillet 2023 F\u00eate locale 2023 Journ\u00e9e du Patrimoine 2023 Op\u00e9ration Bons d&rsquo;achat de No\u00ebl 2023<\/p>\n","protected":false},"author":1,"featured_media":0,"parent":0,"menu_order":0,"comment_status":"closed","ping_status":"closed","template":"","meta":{"footnotes":""},"class_list":["post-553","page","type-page","status-publish","hentry"],"_links":{"self":[{"href":"https:\/\/www.location-gite-salle-reception-ariege.com\/cj192558-ovh\/index.php\/wp-json\/wp\/v2\/pages\/553"}],"collection":[{"href":"https:\/\/www.location-gite-salle-reception-ariege.com\/cj192558-ovh\/index.php\/wp-json\/wp\/v2\/pages"}],"about":[{"href":"https:\/\/www.location-gite-salle-reception-ariege.com\/cj192558-ovh\/index.php\/wp-json\/wp\/v2\/types\/page"}],"author":[{"embeddable":true,"href":"https:\/\/www.location-gite-salle-reception-ariege.com\/cj192558-ovh\/index.php\/wp-json\/wp\/v2\/users\/1"}],"replies":[{"embeddable":true,"href":"https:\/\/www.location-gite-salle-reception-ariege.com\/cj192558-ovh\/index.php\/wp-json\/wp\/v2\/comments?post=553"}],"version-history":[{"count":13,"href":"https:\/\/www.location-gite-salle-reception-ariege.com\/cj192558-ovh\/index.php\/wp-json\/wp\/v2\/pages\/553\/revisions"}],"predecessor-version":[{"id":610,"href":"https:\/\/www.location-gite-salle-reception-ariege.com\/cj192558-ovh\/index.php\/wp-json\/wp\/v2\/pages\/553\/revisions\/610"}],"wp:attachment":[{"href":"https:\/\/www.location-gite-salle-reception-ariege.com\/cj192558-ovh\/index.php\/wp-json\/wp\/v2\/media?parent=553"}],"curies":[{"name":"wp","href":"https:\/\/api.w.org\/{rel}","templated":true}]}}