{"id":158,"date":"2023-05-29T21:35:20","date_gmt":"2023-05-29T19:35:20","guid":{"rendered":"http:\/\/www.location-gite-salle-reception-ariege.com\/cj192558-ovh\/?page_id=158"},"modified":"2023-07-07T15:58:31","modified_gmt":"2023-07-07T13:58:31","slug":"agriculture-et-elevage","status":"publish","type":"page","link":"https:\/\/www.location-gite-salle-reception-ariege.com\/cj192558-ovh\/index.php\/agriculture-et-elevage\/","title":{"rendered":"Agriculture et \u00e9levage"},"content":{"rendered":"\n<figure class=\"wp-block-gallery has-nested-images columns-default is-cropped wp-block-gallery-1 is-layout-flex wp-block-gallery-is-layout-flex\">\n<figure class=\"wp-block-image size-large\"><img loading=\"lazy\" decoding=\"async\" width=\"885\" height=\"500\" data-id=\"252\" src=\"http:\/\/www.location-gite-salle-reception-ariege.com\/cj192558-ovh\/wp-content\/uploads\/2023\/06\/image-1.jpg\" alt=\"\" class=\"wp-image-252\" srcset=\"https:\/\/www.location-gite-salle-reception-ariege.com\/cj192558-ovh\/wp-content\/uploads\/2023\/06\/image-1.jpg 885w, https:\/\/www.location-gite-salle-reception-ariege.com\/cj192558-ovh\/wp-content\/uploads\/2023\/06\/image-1-300x169.jpg 300w, https:\/\/www.location-gite-salle-reception-ariege.com\/cj192558-ovh\/wp-content\/uploads\/2023\/06\/image-1-768x434.jpg 768w\" sizes=\"(max-width: 885px) 100vw, 885px\" \/><\/figure>\n\n\n\n<figure class=\"wp-block-image size-large\"><img loading=\"lazy\" decoding=\"async\" width=\"885\" height=\"500\" data-id=\"253\" src=\"http:\/\/www.location-gite-salle-reception-ariege.com\/cj192558-ovh\/wp-content\/uploads\/2023\/06\/image.jpg\" alt=\"\" class=\"wp-image-253\" srcset=\"https:\/\/www.location-gite-salle-reception-ariege.com\/cj192558-ovh\/wp-content\/uploads\/2023\/06\/image.jpg 885w, https:\/\/www.location-gite-salle-reception-ariege.com\/cj192558-ovh\/wp-content\/uploads\/2023\/06\/image-300x169.jpg 300w, https:\/\/www.location-gite-salle-reception-ariege.com\/cj192558-ovh\/wp-content\/uploads\/2023\/06\/image-768x434.jpg 768w\" sizes=\"(max-width: 885px) 100vw, 885px\" \/><\/figure>\n\n\n\n<figure class=\"wp-block-image size-large\"><img loading=\"lazy\" decoding=\"async\" width=\"1024\" height=\"576\" data-id=\"251\" src=\"http:\/\/www.location-gite-salle-reception-ariege.com\/cj192558-ovh\/wp-content\/uploads\/2023\/06\/maxresdefault-1024x576.jpg\" alt=\"\" class=\"wp-image-251\" srcset=\"https:\/\/www.location-gite-salle-reception-ariege.com\/cj192558-ovh\/wp-content\/uploads\/2023\/06\/maxresdefault-1024x576.jpg 1024w, https:\/\/www.location-gite-salle-reception-ariege.com\/cj192558-ovh\/wp-content\/uploads\/2023\/06\/maxresdefault-300x169.jpg 300w, https:\/\/www.location-gite-salle-reception-ariege.com\/cj192558-ovh\/wp-content\/uploads\/2023\/06\/maxresdefault-768x432.jpg 768w, https:\/\/www.location-gite-salle-reception-ariege.com\/cj192558-ovh\/wp-content\/uploads\/2023\/06\/maxresdefault.jpg 1280w\" sizes=\"(max-width: 1024px) 100vw, 1024px\" \/><\/figure>\n\n\n\n<figure class=\"wp-block-image size-full\"><img loading=\"lazy\" decoding=\"async\" width=\"724\" height=\"593\" data-id=\"256\" src=\"https:\/\/www.location-gite-salle-reception-ariege.com\/cj192558-ovh\/wp-content\/uploads\/2023\/06\/Vaches_bethmale.jpg\" alt=\"\" class=\"wp-image-256\" srcset=\"https:\/\/www.location-gite-salle-reception-ariege.com\/cj192558-ovh\/wp-content\/uploads\/2023\/06\/Vaches_bethmale.jpg 724w, https:\/\/www.location-gite-salle-reception-ariege.com\/cj192558-ovh\/wp-content\/uploads\/2023\/06\/Vaches_bethmale-300x246.jpg 300w\" sizes=\"(max-width: 724px) 100vw, 724px\" \/><\/figure>\n<\/figure>\n\n\n\n<p>\u2022 <strong>GAEC de Bethmale<\/strong>\u00a0: Yannick et Bruno VEPER, \u00e9leveurs de vaches gasconnes et brebis tarasconnaises.<br>\u2022\u00a0<strong>GAEC du Balamet<\/strong>\u00a0: Robin CAZAL\u00c9 et Matthieu MAYER : \u00e9leveurs de brebis tarasconnaises, vaches limousines, ch\u00e8vres pyr\u00e9n\u00e9ennes.<br>\u2022<strong>\u00a0Georges-Henry LARDENNOIS<\/strong>\u00a0: \u00e9leveur de brebis et vaches.<br>\u2022\u00a0<strong>Pascal JUSOT<\/strong>\u00a0: \u00e9leveur de chevaux de trait champenois.<br>\u2022\u00a0<strong>Dany MARONNIER :\u00a0<\/strong>\u00e9leveur d\u2019ovins.<br>\u2022\u00a0<strong>Martine\u00a0MOLE<\/strong>\u00a0: \u00e9leveuse de vaches limousines.<br>et en p\u00e9riode de transhumance, en moyenne et haute montagnes, sous la surveillance de bergers et berg\u00e8res accompagn\u00e9s des patous ou autres chiens de berger, 2 750 ovins (races tarasconnaise et castillonnaise), 350 bovins, 30 \u00e9quins qui se partagent les prairies d\u2019estive avec :<br>\u2022\u00a0<strong>Groupement Pastoral du Taus Espugues<\/strong>\u00a0: Georges-Henri LARDENNOIS, \u00e9leveur de brebis et vaches.<br>\u2022\u00a0<strong>Groupement Pastoral d\u2019Arrien en Bethmale<\/strong>\u00a0: Nicolas ANIAU, pr\u00e9sident, \u00e9leveur de vaches, brebis, chevaux.<\/p>\n","protected":false},"excerpt":{"rendered":"<p>\u2022 GAEC de Bethmale\u00a0: Yannick et Bruno VEPER, \u00e9leveurs de vaches gasconnes et brebis tarasconnaises.\u2022\u00a0GAEC du Balamet\u00a0: Robin CAZAL\u00c9 et Matthieu MAYER : \u00e9leveurs de brebis tarasconnaises, vaches limousines, ch\u00e8vres pyr\u00e9n\u00e9ennes.\u2022\u00a0Georges-Henry LARDENNOIS\u00a0: \u00e9leveur de brebis et vaches.\u2022\u00a0Pascal JUSOT\u00a0: \u00e9leveur de chevaux de trait champenois.\u2022\u00a0Dany MARONNIER :\u00a0\u00e9leveur d\u2019ovins.\u2022\u00a0Martine\u00a0MOLE\u00a0: \u00e9leveuse de vaches limousines.et en p\u00e9riode de transhumance, [&hellip;]<\/p>\n","protected":false},"author":1,"featured_media":0,"parent":0,"menu_order":0,"comment_status":"closed","ping_status":"closed","template":"","meta":{"footnotes":""},"class_list":["post-158","page","type-page","status-publish","hentry"],"_links":{"self":[{"href":"https:\/\/www.location-gite-salle-reception-ariege.com\/cj192558-ovh\/index.php\/wp-json\/wp\/v2\/pages\/158"}],"collection":[{"href":"https:\/\/www.location-gite-salle-reception-ariege.com\/cj192558-ovh\/index.php\/wp-json\/wp\/v2\/pages"}],"about":[{"href":"https:\/\/www.location-gite-salle-reception-ariege.com\/cj192558-ovh\/index.php\/wp-json\/wp\/v2\/types\/page"}],"author":[{"embeddable":true,"href":"https:\/\/www.location-gite-salle-reception-ariege.com\/cj192558-ovh\/index.php\/wp-json\/wp\/v2\/users\/1"}],"replies":[{"embeddable":true,"href":"https:\/\/www.location-gite-salle-reception-ariege.com\/cj192558-ovh\/index.php\/wp-json\/wp\/v2\/comments?post=158"}],"version-history":[{"count":5,"href":"https:\/\/www.location-gite-salle-reception-ariege.com\/cj192558-ovh\/index.php\/wp-json\/wp\/v2\/pages\/158\/revisions"}],"predecessor-version":[{"id":551,"href":"https:\/\/www.location-gite-salle-reception-ariege.com\/cj192558-ovh\/index.php\/wp-json\/wp\/v2\/pages\/158\/revisions\/551"}],"wp:attachment":[{"href":"https:\/\/www.location-gite-salle-reception-ariege.com\/cj192558-ovh\/index.php\/wp-json\/wp\/v2\/media?parent=158"}],"curies":[{"name":"wp","href":"https:\/\/api.w.org\/{rel}","templated":true}]}}

Agriculture et élevage

<figure class="wp-block-gallery has-nested-images columns-default is-cropped wp-block-gallery-1 is-layout-flex wp-block-gallery-is-layout-flex">
<figure class="wp-block-image size-large"><img loading="lazy" decoding="async" width="885" height="500" data-id="252" src="http://www.location-gite-salle-reception-ariege.com/cj192558-ovh/wp-content/uploads/2023/06/image-1.jpg" alt="" class="wp-image-252" srcset="https://www.location-gite-salle-reception-ariege.com/cj192558-ovh/wp-content/uploads/2023/06/image-1.jpg 885w, https://www.location-gite-salle-reception-ariege.com/cj192558-ovh/wp-content/uploads/2023/06/image-1-300x169.jpg 300w, https://www.location-gite-salle-reception-ariege.com/cj192558-ovh/wp-content/uploads/2023/06/image-1-768x434.jpg 768w" sizes="(max-width: 885px) 100vw, 885px" /></figure>



<figure class="wp-block-image size-large"><img loading="lazy" decoding="async" width="885" height="500" data-id="253" src="http://www.location-gite-salle-reception-ariege.com/cj192558-ovh/wp-content/uploads/2023/06/image.jpg" alt="" class="wp-image-253" srcset="https://www.location-gite-salle-reception-ariege.com/cj192558-ovh/wp-content/uploads/2023/06/image.jpg 885w, https://www.location-gite-salle-reception-ariege.com/cj192558-ovh/wp-content/uploads/2023/06/image-300x169.jpg 300w, https://www.location-gite-salle-reception-ariege.com/cj192558-ovh/wp-content/uploads/2023/06/image-768x434.jpg 768w" sizes="(max-width: 885px) 100vw, 885px" /></figure>



<figure class="wp-block-image size-large"><img loading="lazy" decoding="async" width="1024" height="576" data-id="251" src="http://www.location-gite-salle-reception-ariege.com/cj192558-ovh/wp-content/uploads/2023/06/maxresdefault-1024x576.jpg" alt="" class="wp-image-251" srcset="https://www.location-gite-salle-reception-ariege.com/cj192558-ovh/wp-content/uploads/2023/06/maxresdefault-1024x576.jpg 1024w, https://www.location-gite-salle-reception-ariege.com/cj192558-ovh/wp-content/uploads/2023/06/maxresdefault-300x169.jpg 300w, https://www.location-gite-salle-reception-ariege.com/cj192558-ovh/wp-content/uploads/2023/06/maxresdefault-768x432.jpg 768w, https://www.location-gite-salle-reception-ariege.com/cj192558-ovh/wp-content/uploads/2023/06/maxresdefault.jpg 1280w" sizes="(max-width: 1024px) 100vw, 1024px" /></figure>



<figure class="wp-block-image size-full"><img loading="lazy" decoding="async" width="724" height="593" data-id="256" src="https://www.location-gite-salle-reception-ariege.com/cj192558-ovh/wp-content/uploads/2023/06/Vaches_bethmale.jpg" alt="" class="wp-image-256" srcset="https://www.location-gite-salle-reception-ariege.com/cj192558-ovh/wp-content/uploads/2023/06/Vaches_bethmale.jpg 724w, https://www.location-gite-salle-reception-ariege.com/cj192558-ovh/wp-content/uploads/2023/06/Vaches_bethmale-300x246.jpg 300w" sizes="(max-width: 724px) 100vw, 724px" /></figure>
</figure>



<p>• <strong>GAEC de Bethmale</strong> : Yannick et Bruno VEPER, éleveurs de vaches gasconnes et brebis tarasconnaises.<br>• <strong>GAEC du Balamet</strong> : Robin CAZALÉ et Matthieu MAYER : éleveurs de brebis tarasconnaises, vaches limousines, chèvres pyrénéennes.<br>•<strong> Georges-Henry LARDENNOIS</strong> : éleveur de brebis et vaches.<br>• <strong>Pascal JUSOT</strong> : éleveur de chevaux de trait champenois.<br>• <strong>Dany MARONNIER : </strong>éleveur d’ovins.<br>• <strong>Martine MOLE</strong> : éleveuse de vaches limousines.<br>et en période de transhumance, en moyenne et haute montagnes, sous la surveillance de bergers et bergères accompagnés des patous ou autres chiens de berger, 2 750 ovins (races tarasconnaise et castillonnaise), 350 bovins, 30 équins qui se partagent les prairies d’estive avec :<br>• <strong>Groupement Pastoral du Taus Espugues</strong> : Georges-Henri LARDENNOIS, éleveur de brebis et vaches.<br>• <strong>Groupement Pastoral d’Arrien en Bethmale</strong> : Nicolas ANIAU, président, éleveur de vaches, brebis, chevaux.</p>

<p>• GAEC de Bethmale : Yannick et Bruno VEPER, éleveurs de vaches gasconnes et brebis tarasconnaises.• GAEC du Balamet : Robin CAZALÉ et Matthieu MAYER : éleveurs de brebis tarasconnaises, vaches limousines, chèvres pyrénéennes.• Georges-Henry LARDENNOIS : éleveur de brebis et vaches.• Pascal JUSOT : éleveur de chevaux de trait champenois.• Dany MARONNIER : éleveur d’ovins.• Martine MOLE : éleveuse de vaches limousines.et en période de transhumance, [&hellip;]</p>
