{"id":155,"date":"2023-05-29T21:34:55","date_gmt":"2023-05-29T19:34:55","guid":{"rendered":"http:\/\/www.location-gite-salle-reception-ariege.com\/cj192558-ovh\/?page_id=155"},"modified":"2023-07-07T16:24:58","modified_gmt":"2023-07-07T14:24:58","slug":"nos-fromages","status":"publish","type":"page","link":"https:\/\/www.location-gite-salle-reception-ariege.com\/cj192558-ovh\/index.php\/nos-fromages\/","title":{"rendered":"Nos fromages et Nos sorbets"},"content":{"rendered":"\n<h2 class=\"wp-block-heading\"><strong>Fromagerie des Pyr\u00e9n\u00e9es ari\u00e9geoises<\/strong><\/h2>\n\n\n\n<p>Issue d&rsquo;une famille traditionnelle de fromagers, Sylvie Domenc a cr\u00e9\u00e9 la&nbsp;<strong>Fromagerie de la Core Cazalas<\/strong>&nbsp;en 1996 \u00e0 l&rsquo;\u00e2ge de 20 ans. Avec ses fromages de vache, de brebis et de ch\u00e8vre,<br>Sylvie a su allier un savoir-faire ancestral et des produits d&rsquo;une qualit\u00e9 exceptionnelle avec une fabrication 100% artisanale. Elle nous propose des fromages fabriqu\u00e9s \u00e0 base de&nbsp;<strong>lait cru de vache<\/strong>&nbsp;et<br>de&nbsp;<strong>lait pasteuris\u00e9 de brebis et de ch\u00e8vre<\/strong>&nbsp;au go\u00fbt onctueux et velout\u00e9.<\/p>\n\n\n\n<p>Tous les fromages sont affin\u00e9s de fa\u00e7on&nbsp;<strong>artisanale<\/strong>&nbsp;dans la&nbsp;<strong>Vall\u00e9e de Bethmale<\/strong>&nbsp;au fin fond des montagnes&nbsp;Pyr\u00e9n\u00e9ennes Ari\u00e9geoises<br>et sont d\u00e9clin\u00e9s sous plusieurs appellations telles que La Cosso, Bethmale, Toudeille et Crabot que vous trouverez ci-dessous en tommettes. Nous retrouvons des saveurs vari\u00e9es en allant du&nbsp;<strong>fromage de ch\u00e8vre<\/strong>&nbsp;riche<br>en caract\u00e8re au&nbsp;<strong>fromage de vache<\/strong>&nbsp;fruit\u00e9 en passant par les&nbsp;<strong>fromages mixtes<\/strong>&nbsp;au go\u00fbt raffin\u00e9.<\/p>\n\n\n\n<p>Les fromages de la Core Cazalas vous surprendront donc par ses vari\u00e9t\u00e9s de saveurs et ses go\u00fbts authentiques de&nbsp;<strong>fromages artisanaux de montagne,&nbsp;<\/strong>vos papilles seront en \u00e9veil et on<br>vous le garanti !<\/p>\n\n\n\n<figure class=\"wp-block-image size-full\"><img loading=\"lazy\" decoding=\"async\" width=\"810\" height=\"540\" src=\"https:\/\/www.location-gite-salle-reception-ariege.com\/cj192558-ovh\/wp-content\/uploads\/2023\/06\/298028484_483070503823723_5681537978645264617_n.jpg\" alt=\"\" class=\"wp-image-242\" srcset=\"https:\/\/www.location-gite-salle-reception-ariege.com\/cj192558-ovh\/wp-content\/uploads\/2023\/06\/298028484_483070503823723_5681537978645264617_n.jpg 810w, https:\/\/www.location-gite-salle-reception-ariege.com\/cj192558-ovh\/wp-content\/uploads\/2023\/06\/298028484_483070503823723_5681537978645264617_n-300x200.jpg 300w, https:\/\/www.location-gite-salle-reception-ariege.com\/cj192558-ovh\/wp-content\/uploads\/2023\/06\/298028484_483070503823723_5681537978645264617_n-768x512.jpg 768w\" sizes=\"(max-width: 810px) 100vw, 810px\" \/><\/figure>\n\n\n\n<h2 class=\"wp-block-heading\">En Terre d&rsquo;Abajou &#8211; Sorbets Fermiers<\/h2>\n\n\n\n<p>En plein coeur des montagnes des Pyr\u00e9n\u00e9es Ari\u00e9geoises, nous vous proposons divers produits \u00e0 base de fruits, que nous transformons nous-m\u00eames et que nous souhaitons faire d\u00e9couvrir au grand public. Venez vite d\u00e9couvrir nos sorbets, nos jus et sirops, ou bien encore nos confitures !   <\/p>\n\n\n\n<p>Samortein, 09800 BETHMALE <a href=\"mailto:annelarive@orange.fr\">annelarive@orange.fr<\/a>\u00a005 61 96 19 53 Retrouvez nous sur <a href=\"https:\/\/www.facebook.com\/enterredabajous\" target=\"_blank\" rel=\"noreferrer noopener\">Facebook<\/a><\/p>\n\n\n\n<figure class=\"wp-block-image size-full\"><img loading=\"lazy\" decoding=\"async\" width=\"800\" height=\"400\" src=\"https:\/\/www.location-gite-salle-reception-ariege.com\/cj192558-ovh\/wp-content\/uploads\/2023\/07\/image.png\" alt=\"\" class=\"wp-image-472\" srcset=\"https:\/\/www.location-gite-salle-reception-ariege.com\/cj192558-ovh\/wp-content\/uploads\/2023\/07\/image.png 800w, https:\/\/www.location-gite-salle-reception-ariege.com\/cj192558-ovh\/wp-content\/uploads\/2023\/07\/image-300x150.png 300w, https:\/\/www.location-gite-salle-reception-ariege.com\/cj192558-ovh\/wp-content\/uploads\/2023\/07\/image-768x384.png 768w\" sizes=\"(max-width: 800px) 100vw, 800px\" \/><\/figure>\n","protected":false},"excerpt":{"rendered":"<p>Fromagerie des Pyr\u00e9n\u00e9es ari\u00e9geoises Issue d&rsquo;une famille traditionnelle de fromagers, Sylvie Domenc a cr\u00e9\u00e9 la&nbsp;Fromagerie de la Core Cazalas&nbsp;en 1996 \u00e0 l&rsquo;\u00e2ge de 20 ans. Avec ses fromages de vache, de brebis et de ch\u00e8vre,Sylvie a su allier un savoir-faire ancestral et des produits d&rsquo;une qualit\u00e9 exceptionnelle avec une fabrication 100% artisanale. Elle nous propose [&hellip;]<\/p>\n","protected":false},"author":1,"featured_media":0,"parent":0,"menu_order":0,"comment_status":"closed","ping_status":"closed","template":"page-templates\/full-width-page.php","meta":{"footnotes":""},"class_list":["post-155","page","type-page","status-publish","hentry"],"_links":{"self":[{"href":"https:\/\/www.location-gite-salle-reception-ariege.com\/cj192558-ovh\/index.php\/wp-json\/wp\/v2\/pages\/155"}],"collection":[{"href":"https:\/\/www.location-gite-salle-reception-ariege.com\/cj192558-ovh\/index.php\/wp-json\/wp\/v2\/pages"}],"about":[{"href":"https:\/\/www.location-gite-salle-reception-ariege.com\/cj192558-ovh\/index.php\/wp-json\/wp\/v2\/types\/page"}],"author":[{"embeddable":true,"href":"https:\/\/www.location-gite-salle-reception-ariege.com\/cj192558-ovh\/index.php\/wp-json\/wp\/v2\/users\/1"}],"replies":[{"embeddable":true,"href":"https:\/\/www.location-gite-salle-reception-ariege.com\/cj192558-ovh\/index.php\/wp-json\/wp\/v2\/comments?post=155"}],"version-history":[{"count":12,"href":"https:\/\/www.location-gite-salle-reception-ariege.com\/cj192558-ovh\/index.php\/wp-json\/wp\/v2\/pages\/155\/revisions"}],"predecessor-version":[{"id":558,"href":"https:\/\/www.location-gite-salle-reception-ariege.com\/cj192558-ovh\/index.php\/wp-json\/wp\/v2\/pages\/155\/revisions\/558"}],"wp:attachment":[{"href":"https:\/\/www.location-gite-salle-reception-ariege.com\/cj192558-ovh\/index.php\/wp-json\/wp\/v2\/media?parent=155"}],"curies":[{"name":"wp","href":"https:\/\/api.w.org\/{rel}","templated":true}]}}