{"id":108,"date":"2023-05-29T21:29:33","date_gmt":"2023-05-29T19:29:33","guid":{"rendered":"http:\/\/www.location-gite-salle-reception-ariege.com\/cj192558-ovh\/?page_id=108"},"modified":"2023-12-21T15:41:37","modified_gmt":"2023-12-21T14:41:37","slug":"locations-de-la-salle-andre-zonch-chapiteaux","status":"publish","type":"page","link":"https:\/\/www.location-gite-salle-reception-ariege.com\/cj192558-ovh\/index.php\/locations-de-la-salle-andre-zonch-chapiteaux\/","title":{"rendered":"Locations de la salle Andr\u00e9 Zonch &#038; chapiteaux"},"content":{"rendered":"\n<div class=\"wp-block-columns is-layout-flex wp-container-core-columns-is-layout-1 wp-block-columns-is-layout-flex\">\n<div class=\"wp-block-column is-layout-flow wp-block-column-is-layout-flow\">\n<p><strong>Salle des f\u00eates et de r\u00e9ception&nbsp;<\/strong><strong>\u00ab\u00a0Andr\u00e9 ZONCH &#8211; maire de 1983 \u00e0 2008\u00a0\u00bb<\/strong><strong><\/strong><\/p>\n\n\n\n<p><br>Descriptif&nbsp;:<\/p>\n\n\n\n<p>Salle (situ\u00e9e sous le g\u00eete 253 ) disposant d &lsquo;une cour de 144m\u00b2 environ compos\u00e9e de 2 pi\u00e8ces communiquant par une grande porte \u00e0 3 battants.<br><br><strong>1ere pi\u00e8ce 55 m\u00b2 :<\/strong>\u00a02 portes fen\u00eatres \u00a0grande chemin\u00e9e ouverte<br><br><strong>2\u00e8me pi\u00e8ce 63 m\u00b2 :<\/strong>\u00a05 fen\u00eatres \u00a0 donne acc\u00e8s \u00e0 \u00a0gauche \u00a0a la cuisine 10m\u00b2 \u00a0gazini\u00e8re,micro onde, 2 cafeti\u00e8res \u00e9lectriques, 2 frigos, 1 table+vaisselle 100pers environ.<br>Donne acc\u00e8s \u00a0a droite \u00a0aux \u00a0wc et a un d\u00e9barras et sortie de secours.<\/p>\n\n\n\n<p><strong>A &nbsp;disposition 25 tables &nbsp;98 chaises et des bancs.<\/strong><\/p>\n<\/div>\n\n\n\n<div class=\"wp-block-column is-layout-flow wp-block-column-is-layout-flow\">\n<p><strong><u>Le prix de la location \u00e0 compter du 01\/04\/15:<\/u><\/strong><br><br>&#8211; 20\u20ac forfait chauffage par jour du 1er octobre au 30 avril de chaque ann\u00e9e<br><br>&#8211; Personnes habitant la commune 75 \u20ac<br><br>&#8211; Personnes hors commune 150 \u20ac<br><br>&#8211; Gratuit aux associations de la commune et caution<\/p>\n\n\n\n<p>&#8211; Associations hors vall\u00e9e ou spectacles payants 50\u20ac<br><br>Caution salle 100 \u20ac + caution m\u00e9nage 50 \u20ac.<\/p>\n<\/div>\n<\/div>\n\n\n\n<figure class=\"wp-block-gallery has-nested-images columns-default is-cropped wp-block-gallery-1 is-layout-flex wp-block-gallery-is-layout-flex\">\n<figure class=\"wp-block-image size-large\"><img loading=\"lazy\" decoding=\"async\" width=\"160\" height=\"121\" data-id=\"129\" src=\"http:\/\/www.location-gite-salle-reception-ariege.com\/cj192558-ovh\/wp-content\/uploads\/2023\/05\/location-salle-fete-ariege-01-m.jpg\" alt=\"\" class=\"wp-image-129\"\/><\/figure>\n\n\n\n<figure class=\"wp-block-image size-large\"><img loading=\"lazy\" decoding=\"async\" width=\"160\" height=\"121\" data-id=\"132\" src=\"http:\/\/www.location-gite-salle-reception-ariege.com\/cj192558-ovh\/wp-content\/uploads\/2023\/05\/location-salle-fete-ariege-02-m.jpg\" alt=\"\" class=\"wp-image-132\"\/><\/figure>\n\n\n\n<figure class=\"wp-block-image size-large\"><img loading=\"lazy\" decoding=\"async\" width=\"160\" height=\"121\" data-id=\"134\" src=\"http:\/\/www.location-gite-salle-reception-ariege.com\/cj192558-ovh\/wp-content\/uploads\/2023\/05\/location-salle-fete-ariege-03-m.jpg\" alt=\"\" class=\"wp-image-134\"\/><\/figure>\n\n\n\n<figure class=\"wp-block-image size-large\"><img loading=\"lazy\" decoding=\"async\" width=\"502\" height=\"377\" data-id=\"130\" src=\"http:\/\/www.location-gite-salle-reception-ariege.com\/cj192558-ovh\/wp-content\/uploads\/2023\/05\/location-salle-fete-ariege-04-1.jpg\" alt=\"\" class=\"wp-image-130\" srcset=\"https:\/\/www.location-gite-salle-reception-ariege.com\/cj192558-ovh\/wp-content\/uploads\/2023\/05\/location-salle-fete-ariege-04-1.jpg 502w, https:\/\/www.location-gite-salle-reception-ariege.com\/cj192558-ovh\/wp-content\/uploads\/2023\/05\/location-salle-fete-ariege-04-1-300x225.jpg 300w\" sizes=\"(max-width: 502px) 100vw, 502px\" \/><\/figure>\n\n\n\n<figure class=\"wp-block-image size-large\"><img loading=\"lazy\" decoding=\"async\" width=\"502\" height=\"377\" data-id=\"131\" src=\"http:\/\/www.location-gite-salle-reception-ariege.com\/cj192558-ovh\/wp-content\/uploads\/2023\/05\/location-salle-fete-ariege-05-1.jpg\" alt=\"\" class=\"wp-image-131\" srcset=\"https:\/\/www.location-gite-salle-reception-ariege.com\/cj192558-ovh\/wp-content\/uploads\/2023\/05\/location-salle-fete-ariege-05-1.jpg 502w, https:\/\/www.location-gite-salle-reception-ariege.com\/cj192558-ovh\/wp-content\/uploads\/2023\/05\/location-salle-fete-ariege-05-1-300x225.jpg 300w\" sizes=\"(max-width: 502px) 100vw, 502px\" \/><\/figure>\n\n\n\n<figure class=\"wp-block-image size-large\"><img loading=\"lazy\" decoding=\"async\" width=\"502\" height=\"377\" data-id=\"137\" src=\"http:\/\/www.location-gite-salle-reception-ariege.com\/cj192558-ovh\/wp-content\/uploads\/2023\/05\/location-salle-fete-ariege-06-1.jpg\" alt=\"\" class=\"wp-image-137\" srcset=\"https:\/\/www.location-gite-salle-reception-ariege.com\/cj192558-ovh\/wp-content\/uploads\/2023\/05\/location-salle-fete-ariege-06-1.jpg 502w, https:\/\/www.location-gite-salle-reception-ariege.com\/cj192558-ovh\/wp-content\/uploads\/2023\/05\/location-salle-fete-ariege-06-1-300x225.jpg 300w\" sizes=\"(max-width: 502px) 100vw, 502px\" \/><\/figure>\n\n\n\n<figure class=\"wp-block-image size-full\"><img loading=\"lazy\" decoding=\"async\" width=\"502\" height=\"377\" data-id=\"122\" src=\"http:\/\/www.location-gite-salle-reception-ariege.com\/cj192558-ovh\/wp-content\/uploads\/2023\/05\/location-salle-fete-ariege-03-Copie.jpg\" alt=\"\" class=\"wp-image-122\" srcset=\"https:\/\/www.location-gite-salle-reception-ariege.com\/cj192558-ovh\/wp-content\/uploads\/2023\/05\/location-salle-fete-ariege-03-Copie.jpg 502w, https:\/\/www.location-gite-salle-reception-ariege.com\/cj192558-ovh\/wp-content\/uploads\/2023\/05\/location-salle-fete-ariege-03-Copie-300x225.jpg 300w\" sizes=\"(max-width: 502px) 100vw, 502px\" \/><\/figure>\n\n\n\n<figure class=\"wp-block-image size-large\"><img loading=\"lazy\" decoding=\"async\" width=\"502\" height=\"377\" data-id=\"135\" src=\"http:\/\/www.location-gite-salle-reception-ariege.com\/cj192558-ovh\/wp-content\/uploads\/2023\/05\/location-salle-fete-ariege-07.jpg\" alt=\"\" class=\"wp-image-135\" srcset=\"https:\/\/www.location-gite-salle-reception-ariege.com\/cj192558-ovh\/wp-content\/uploads\/2023\/05\/location-salle-fete-ariege-07.jpg 502w, https:\/\/www.location-gite-salle-reception-ariege.com\/cj192558-ovh\/wp-content\/uploads\/2023\/05\/location-salle-fete-ariege-07-300x225.jpg 300w\" sizes=\"(max-width: 502px) 100vw, 502px\" \/><\/figure>\n<\/figure>\n","protected":false},"excerpt":{"rendered":"<p>Salle des f\u00eates et de r\u00e9ception&nbsp;\u00ab\u00a0Andr\u00e9 ZONCH &#8211; maire de 1983 \u00e0 2008\u00a0\u00bb Descriptif&nbsp;: Salle (situ\u00e9e sous le g\u00eete 253 ) disposant d &lsquo;une cour de 144m\u00b2 environ compos\u00e9e de 2 pi\u00e8ces communiquant par une grande porte \u00e0 3 battants. 1ere pi\u00e8ce 55 m\u00b2 :\u00a02 portes fen\u00eatres \u00a0grande chemin\u00e9e ouverte 2\u00e8me pi\u00e8ce 63 m\u00b2 :\u00a05 [&hellip;]<\/p>\n","protected":false},"author":1,"featured_media":129,"parent":0,"menu_order":0,"comment_status":"closed","ping_status":"closed","template":"","meta":{"footnotes":""},"class_list":["post-108","page","type-page","status-publish","has-post-thumbnail","hentry"],"_links":{"self":[{"href":"https:\/\/www.location-gite-salle-reception-ariege.com\/cj192558-ovh\/index.php\/wp-json\/wp\/v2\/pages\/108"}],"collection":[{"href":"https:\/\/www.location-gite-salle-reception-ariege.com\/cj192558-ovh\/index.php\/wp-json\/wp\/v2\/pages"}],"about":[{"href":"https:\/\/www.location-gite-salle-reception-ariege.com\/cj192558-ovh\/index.php\/wp-json\/wp\/v2\/types\/page"}],"author":[{"embeddable":true,"href":"https:\/\/www.location-gite-salle-reception-ariege.com\/cj192558-ovh\/index.php\/wp-json\/wp\/v2\/users\/1"}],"replies":[{"embeddable":true,"href":"https:\/\/www.location-gite-salle-reception-ariege.com\/cj192558-ovh\/index.php\/wp-json\/wp\/v2\/comments?post=108"}],"version-history":[{"count":4,"href":"https:\/\/www.location-gite-salle-reception-ariege.com\/cj192558-ovh\/index.php\/wp-json\/wp\/v2\/pages\/108\/revisions"}],"predecessor-version":[{"id":614,"href":"https:\/\/www.location-gite-salle-reception-ariege.com\/cj192558-ovh\/index.php\/wp-json\/wp\/v2\/pages\/108\/revisions\/614"}],"wp:featuredmedia":[{"embeddable":true,"href":"https:\/\/www.location-gite-salle-reception-ariege.com\/cj192558-ovh\/index.php\/wp-json\/wp\/v2\/media\/129"}],"wp:attachment":[{"href":"https:\/\/www.location-gite-salle-reception-ariege.com\/cj192558-ovh\/index.php\/wp-json\/wp\/v2\/media?parent=108"}],"curies":[{"name":"wp","href":"https:\/\/api.w.org\/{rel}","templated":true}]}}

Locations de la salle André Zonch &#038; chapiteaux

<div class="wp-block-columns is-layout-flex wp-container-core-columns-is-layout-1 wp-block-columns-is-layout-flex">
<div class="wp-block-column is-layout-flow wp-block-column-is-layout-flow">
<p><strong>Salle des fêtes et de réception&nbsp;</strong><strong>« André ZONCH &#8211; maire de 1983 à 2008 »</strong><strong></strong></p>



<p><br>Descriptif&nbsp;:</p>



<p>Salle (située sous le gîte 253 ) disposant d &lsquo;une cour de 144m² environ composée de 2 pièces communiquant par une grande porte à 3 battants.<br><br><strong>1ere pièce 55 m² :</strong> 2 portes fenêtres  grande cheminée ouverte<br><br><strong>2ème pièce 63 m² :</strong> 5 fenêtres   donne accès à  gauche  a la cuisine 10m²  gazinière,micro onde, 2 cafetières électriques, 2 frigos, 1 table+vaisselle 100pers environ.<br>Donne accès  a droite  aux  wc et a un débarras et sortie de secours.</p>



<p><strong>A &nbsp;disposition 25 tables &nbsp;98 chaises et des bancs.</strong></p>
</div>



<div class="wp-block-column is-layout-flow wp-block-column-is-layout-flow">
<p><strong><u>Le prix de la location à compter du 01/04/15:</u></strong><br><br>&#8211; 20€ forfait chauffage par jour du 1er octobre au 30 avril de chaque année<br><br>&#8211; Personnes habitant la commune 75 €<br><br>&#8211; Personnes hors commune 150 €<br><br>&#8211; Gratuit aux associations de la commune et caution</p>



<p>&#8211; Associations hors vallée ou spectacles payants 50€<br><br>Caution salle 100 € + caution ménage 50 €.</p>
</div>
</div>



<figure class="wp-block-gallery has-nested-images columns-default is-cropped wp-block-gallery-1 is-layout-flex wp-block-gallery-is-layout-flex">
<figure class="wp-block-image size-large"><img loading="lazy" decoding="async" width="160" height="121" data-id="129" src="http://www.location-gite-salle-reception-ariege.com/cj192558-ovh/wp-content/uploads/2023/05/location-salle-fete-ariege-01-m.jpg" alt="" class="wp-image-129"/></figure>



<figure class="wp-block-image size-large"><img loading="lazy" decoding="async" width="160" height="121" data-id="132" src="http://www.location-gite-salle-reception-ariege.com/cj192558-ovh/wp-content/uploads/2023/05/location-salle-fete-ariege-02-m.jpg" alt="" class="wp-image-132"/></figure>



<figure class="wp-block-image size-large"><img loading="lazy" decoding="async" width="160" height="121" data-id="134" src="http://www.location-gite-salle-reception-ariege.com/cj192558-ovh/wp-content/uploads/2023/05/location-salle-fete-ariege-03-m.jpg" alt="" class="wp-image-134"/></figure>



<figure class="wp-block-image size-large"><img loading="lazy" decoding="async" width="502" height="377" data-id="130" src="http://www.location-gite-salle-reception-ariege.com/cj192558-ovh/wp-content/uploads/2023/05/location-salle-fete-ariege-04-1.jpg" alt="" class="wp-image-130" srcset="https://www.location-gite-salle-reception-ariege.com/cj192558-ovh/wp-content/uploads/2023/05/location-salle-fete-ariege-04-1.jpg 502w, https://www.location-gite-salle-reception-ariege.com/cj192558-ovh/wp-content/uploads/2023/05/location-salle-fete-ariege-04-1-300x225.jpg 300w" sizes="(max-width: 502px) 100vw, 502px" /></figure>



<figure class="wp-block-image size-large"><img loading="lazy" decoding="async" width="502" height="377" data-id="131" src="http://www.location-gite-salle-reception-ariege.com/cj192558-ovh/wp-content/uploads/2023/05/location-salle-fete-ariege-05-1.jpg" alt="" class="wp-image-131" srcset="https://www.location-gite-salle-reception-ariege.com/cj192558-ovh/wp-content/uploads/2023/05/location-salle-fete-ariege-05-1.jpg 502w, https://www.location-gite-salle-reception-ariege.com/cj192558-ovh/wp-content/uploads/2023/05/location-salle-fete-ariege-05-1-300x225.jpg 300w" sizes="(max-width: 502px) 100vw, 502px" /></figure>



<figure class="wp-block-image size-large"><img loading="lazy" decoding="async" width="502" height="377" data-id="137" src="http://www.location-gite-salle-reception-ariege.com/cj192558-ovh/wp-content/uploads/2023/05/location-salle-fete-ariege-06-1.jpg" alt="" class="wp-image-137" srcset="https://www.location-gite-salle-reception-ariege.com/cj192558-ovh/wp-content/uploads/2023/05/location-salle-fete-ariege-06-1.jpg 502w, https://www.location-gite-salle-reception-ariege.com/cj192558-ovh/wp-content/uploads/2023/05/location-salle-fete-ariege-06-1-300x225.jpg 300w" sizes="(max-width: 502px) 100vw, 502px" /></figure>



<figure class="wp-block-image size-full"><img loading="lazy" decoding="async" width="502" height="377" data-id="122" src="http://www.location-gite-salle-reception-ariege.com/cj192558-ovh/wp-content/uploads/2023/05/location-salle-fete-ariege-03-Copie.jpg" alt="" class="wp-image-122" srcset="https://www.location-gite-salle-reception-ariege.com/cj192558-ovh/wp-content/uploads/2023/05/location-salle-fete-ariege-03-Copie.jpg 502w, https://www.location-gite-salle-reception-ariege.com/cj192558-ovh/wp-content/uploads/2023/05/location-salle-fete-ariege-03-Copie-300x225.jpg 300w" sizes="(max-width: 502px) 100vw, 502px" /></figure>



<figure class="wp-block-image size-large"><img loading="lazy" decoding="async" width="502" height="377" data-id="135" src="http://www.location-gite-salle-reception-ariege.com/cj192558-ovh/wp-content/uploads/2023/05/location-salle-fete-ariege-07.jpg" alt="" class="wp-image-135" srcset="https://www.location-gite-salle-reception-ariege.com/cj192558-ovh/wp-content/uploads/2023/05/location-salle-fete-ariege-07.jpg 502w, https://www.location-gite-salle-reception-ariege.com/cj192558-ovh/wp-content/uploads/2023/05/location-salle-fete-ariege-07-300x225.jpg 300w" sizes="(max-width: 502px) 100vw, 502px" /></figure>
</figure>

<p>Salle des fêtes et de réception&nbsp;« André ZONCH &#8211; maire de 1983 à 2008 » Descriptif&nbsp;: Salle (située sous le gîte 253 ) disposant d &lsquo;une cour de 144m² environ composée de 2 pièces communiquant par une grande porte à 3 battants. 1ere pièce 55 m² : 2 portes fenêtres  grande cheminée ouverte 2ème pièce 63 m² : 5 [&hellip;]</p>
